{"id":53,"date":"2014-12-09T12:46:04","date_gmt":"2014-12-09T11:46:04","guid":{"rendered":"http:\/\/raderdoll.de\/?page_id=53"},"modified":"2020-07-09T14:27:49","modified_gmt":"2020-07-09T13:27:49","slug":"kontakt","status":"publish","type":"page","link":"https:\/\/www.raderdoll.de\/?page_id=53","title":{"rendered":"Kontakt"},"content":{"rendered":"<p><strong>Anfragen und Booking:<\/strong><br \/>\nElmar Sommer<br \/>\nTelefon: <span>+49 2236 3877695<br \/>\nE-Mail: <a href=\"mailto:booking@raderdoll.de\">booking@raderdoll.de<\/a><\/span><\/p>\n<p><strong>Sonstige Fragen an die Band:<br \/>\n<\/strong>Thomas Sch\u00e4fer<strong><br \/>\n<\/strong>Mobil: +49 151 15718859<strong><br \/>\n<\/strong>E-Mail: <a href=\"mailto:info@raderdoll.de\" target=\"_blank\" rel=\"noopener\">info@raderdoll.de<\/a><\/p>\n<p>RADERDOLL sind die STIMMUNGSGARANTEN mit k\u00f6lschen Hits f\u00fcr alle Anl\u00e4sse!<\/p>\n<p>Karneval, Sommer- und&nbsp; Sch\u00fctzenfeste, Hochzeit, Geburtstag, Polterabend und alles was es sonst noch zu feiern gibt&#8230;<\/p>\n<p>Variable Auftrittszeiten!<\/p>\n<h3><span style=\"text-decoration: underline;\">Kontaktformular:<\/span><\/h3>\n\n<div class=\"wpcf7 no-js\" id=\"wpcf7-f55-o1\" lang=\"de-DE\" dir=\"ltr\" data-wpcf7-id=\"55\">\n<div class=\"screen-reader-response\"><p role=\"status\" aria-live=\"polite\" aria-atomic=\"true\"><\/p> <ul><\/ul><\/div>\n<form action=\"\/index.php?rest_route=%2Fwp%2Fv2%2Fpages%2F53#wpcf7-f55-o1\" method=\"post\" class=\"wpcf7-form init\" aria-label=\"Kontaktformular\" novalidate=\"novalidate\" data-status=\"init\">\n<fieldset class=\"hidden-fields-container\"><input type=\"hidden\" name=\"_wpcf7\" value=\"55\" \/><input type=\"hidden\" name=\"_wpcf7_version\" value=\"6.1.4\" \/><input type=\"hidden\" name=\"_wpcf7_locale\" value=\"de_DE\" \/><input type=\"hidden\" name=\"_wpcf7_unit_tag\" value=\"wpcf7-f55-o1\" \/><input type=\"hidden\" name=\"_wpcf7_container_post\" value=\"0\" \/><input type=\"hidden\" name=\"_wpcf7_posted_data_hash\" value=\"\" \/>\n<\/fieldset>\n<p>Ihr Name (Pflichtfeld)\n<\/p>\n<p><span class=\"wpcf7-form-control-wrap\" data-name=\"your-name\"><input size=\"40\" maxlength=\"400\" class=\"wpcf7-form-control wpcf7-text wpcf7-validates-as-required\" aria-required=\"true\" aria-invalid=\"false\" value=\"\" type=\"text\" name=\"your-name\" \/><\/span>\n<\/p>\n<p>Ihre E-Mail-Adresse (Pflichtfeld)\n<\/p>\n<p><span class=\"wpcf7-form-control-wrap\" data-name=\"your-email\"><input size=\"40\" maxlength=\"400\" class=\"wpcf7-form-control wpcf7-email wpcf7-validates-as-required wpcf7-text wpcf7-validates-as-email\" aria-required=\"true\" aria-invalid=\"false\" value=\"\" type=\"email\" name=\"your-email\" \/><\/span>\n<\/p>\n<p>Betreff\n<\/p>\n<p><span class=\"wpcf7-form-control-wrap\" data-name=\"your-subject\"><input size=\"40\" maxlength=\"400\" class=\"wpcf7-form-control wpcf7-text\" aria-invalid=\"false\" value=\"\" type=\"text\" name=\"your-subject\" \/><\/span>\n<\/p>\n<p>Ihre Nachricht\n<\/p>\n<p><span class=\"wpcf7-form-control-wrap\" data-name=\"your-message\"><textarea cols=\"40\" rows=\"10\" maxlength=\"2000\" class=\"wpcf7-form-control wpcf7-textarea\" aria-invalid=\"false\" name=\"your-message\"><\/textarea><\/span>\n<\/p>\n<p><input class=\"wpcf7-form-control wpcf7-submit has-spinner\" type=\"submit\" value=\"Senden\" \/>\n<\/p><div class=\"wpcf7-response-output\" aria-hidden=\"true\"><\/div>\n<\/form>\n<\/div>\n\n","protected":false},"excerpt":{"rendered":"<p>Anfragen und Booking: Elmar Sommer Telefon: +49 2236 3877695 E-Mail: booking@raderdoll.de Sonstige Fragen an die Band: Thomas Sch\u00e4fer Mobil: +49 151 15718859 E-Mail: info@raderdoll.de RADERDOLL sind die STIMMUNGSGARANTEN mit k\u00f6lschen Hits f\u00fcr alle Anl\u00e4sse! Karneval, Sommer- und&nbsp; Sch\u00fctzenfeste, Hochzeit, Geburtstag, Polterabend und alles was es sonst noch zu feiern gibt&#8230; Variable Auftrittszeiten! Kontaktformular:<\/p>\n","protected":false},"author":1,"featured_media":0,"parent":0,"menu_order":7,"comment_status":"closed","ping_status":"closed","template":"","meta":{"ngg_post_thumbnail":0,"footnotes":""},"class_list":["post-53","page","type-page","status-publish","hentry"],"_links":{"self":[{"href":"https:\/\/www.raderdoll.de\/index.php?rest_route=\/wp\/v2\/pages\/53","targetHints":{"allow":["GET"]}}],"collection":[{"href":"https:\/\/www.raderdoll.de\/index.php?rest_route=\/wp\/v2\/pages"}],"about":[{"href":"https:\/\/www.raderdoll.de\/index.php?rest_route=\/wp\/v2\/types\/page"}],"author":[{"embeddable":true,"href":"https:\/\/www.raderdoll.de\/index.php?rest_route=\/wp\/v2\/users\/1"}],"replies":[{"embeddable":true,"href":"https:\/\/www.raderdoll.de\/index.php?rest_route=%2Fwp%2Fv2%2Fcomments&post=53"}],"version-history":[{"count":17,"href":"https:\/\/www.raderdoll.de\/index.php?rest_route=\/wp\/v2\/pages\/53\/revisions"}],"predecessor-version":[{"id":309,"href":"https:\/\/www.raderdoll.de\/index.php?rest_route=\/wp\/v2\/pages\/53\/revisions\/309"}],"wp:attachment":[{"href":"https:\/\/www.raderdoll.de\/index.php?rest_route=%2Fwp%2Fv2%2Fmedia&parent=53"}],"curies":[{"name":"wp","href":"https:\/\/api.w.org\/{rel}","templated":true}]}}